{"id":320,"date":"2022-12-09T10:54:46","date_gmt":"2022-12-09T10:54:46","guid":{"rendered":"https:\/\/maschalab.de\/?page_id=320"},"modified":"2022-12-09T14:22:05","modified_gmt":"2022-12-09T14:22:05","slug":"dornroeschenschlaf","status":"publish","type":"page","link":"https:\/\/maschalab.de\/?page_id=320","title":{"rendered":"Tiefschlaf"},"content":{"rendered":"\n<figure class=\"wp-block-image size-full\"><img loading=\"lazy\" decoding=\"async\" width=\"800\" height=\"450\" src=\"https:\/\/maschalab.de\/wp-content\/uploads\/2022\/12\/2015Begutachtung.jpg\" alt=\"\" class=\"wp-image-30\" srcset=\"https:\/\/maschalab.de\/wp-content\/uploads\/2022\/12\/2015Begutachtung.jpg 800w, https:\/\/maschalab.de\/wp-content\/uploads\/2022\/12\/2015Begutachtung-300x169.jpg 300w, https:\/\/maschalab.de\/wp-content\/uploads\/2022\/12\/2015Begutachtung-768x432.jpg 768w\" sizes=\"auto, (max-width: 800px) 100vw, 800px\" \/><figcaption class=\"wp-element-caption\">zur\u00fcck ans Licht<\/figcaption><\/figure>\n\n\n\n<p>In den Jahren 1991 &#8211; 1998 bin ich den Wagen regelm\u00e4\u00dfig als Zweitwagen gefahren, 1995 dann der erste kritische T\u00dcV und die notwendigen Karosseriearbeiten an den Schwellern wurden mit meinem Erstfahrzeug (Ford Escort RS Turbo) bezahlt. D.h. von 1995 &#8211; 1998 wurde der E9 ganzj\u00e4hrig gefahren. Ob das so schlau war? :O<\/p>\n\n\n\n<p>1998 bekam ich einen Firmenwagen mit Tankkarte und der E9 wurde mir zu teuer, verkaufen wollte ich ihn nicht und in der Garage war Platz. Da stand er dann 5 Jahre bevor er beim ersten Versuch der Wiederinbetriebnahme durchgefallen ist.<\/p>\n","protected":false},"excerpt":{"rendered":"<p>In den Jahren 1991 &#8211; 1998 bin ich den Wagen regelm\u00e4\u00dfig als Zweitwagen gefahren, 1995 dann der erste kritische T\u00dcV und die notwendigen Karosseriearbeiten an den Schwellern wurden mit meinem [&hellip;]<\/p>\n","protected":false},"author":1,"featured_media":0,"parent":0,"menu_order":0,"comment_status":"closed","ping_status":"closed","template":"","meta":{"ngg_post_thumbnail":0,"_EventAllDay":false,"_EventTimezone":"","_EventStartDate":"","_EventEndDate":"","_EventStartDateUTC":"","_EventEndDateUTC":"","_EventShowMap":false,"_EventShowMapLink":false,"_EventURL":"","_EventCost":"","_EventCostDescription":"","_EventCurrencySymbol":"","_EventCurrencyCode":"","_EventCurrencyPosition":"","_EventDateTimeSeparator":"","_EventTimeRangeSeparator":"","_EventOrganizerID":[],"_EventVenueID":[],"_OrganizerEmail":"","_OrganizerPhone":"","_OrganizerWebsite":"","_VenueAddress":"","_VenueCity":"","_VenueCountry":"","_VenueProvince":"","_VenueState":"","_VenueZip":"","_VenuePhone":"","_VenueURL":"","_VenueStateProvince":"","_VenueLat":"","_VenueLng":"","_VenueShowMap":false,"_VenueShowMapLink":false,"footnotes":""},"class_list":["post-320","page","type-page","status-publish","hentry"],"_links":{"self":[{"href":"https:\/\/maschalab.de\/index.php?rest_route=\/wp\/v2\/pages\/320","targetHints":{"allow":["GET"]}}],"collection":[{"href":"https:\/\/maschalab.de\/index.php?rest_route=\/wp\/v2\/pages"}],"about":[{"href":"https:\/\/maschalab.de\/index.php?rest_route=\/wp\/v2\/types\/page"}],"author":[{"embeddable":true,"href":"https:\/\/maschalab.de\/index.php?rest_route=\/wp\/v2\/users\/1"}],"replies":[{"embeddable":true,"href":"https:\/\/maschalab.de\/index.php?rest_route=%2Fwp%2Fv2%2Fcomments&post=320"}],"version-history":[{"count":4,"href":"https:\/\/maschalab.de\/index.php?rest_route=\/wp\/v2\/pages\/320\/revisions"}],"predecessor-version":[{"id":331,"href":"https:\/\/maschalab.de\/index.php?rest_route=\/wp\/v2\/pages\/320\/revisions\/331"}],"wp:attachment":[{"href":"https:\/\/maschalab.de\/index.php?rest_route=%2Fwp%2Fv2%2Fmedia&parent=320"}],"curies":[{"name":"wp","href":"https:\/\/api.w.org\/{rel}","templated":true}]}}

<figure class="wp-block-image size-full"><img loading="lazy" decoding="async" width="800" height="450" src="https://maschalab.de/wp-content/uploads/2022/12/2015Begutachtung.jpg" alt="" class="wp-image-30" srcset="https://maschalab.de/wp-content/uploads/2022/12/2015Begutachtung.jpg 800w, https://maschalab.de/wp-content/uploads/2022/12/2015Begutachtung-300x169.jpg 300w, https://maschalab.de/wp-content/uploads/2022/12/2015Begutachtung-768x432.jpg 768w" sizes="auto, (max-width: 800px) 100vw, 800px" /><figcaption class="wp-element-caption">zurück ans Licht</figcaption></figure>



<p>In den Jahren 1991 &#8211; 1998 bin ich den Wagen regelmäßig als Zweitwagen gefahren, 1995 dann der erste kritische TÜV und die notwendigen Karosseriearbeiten an den Schwellern wurden mit meinem Erstfahrzeug (Ford Escort RS Turbo) bezahlt. D.h. von 1995 &#8211; 1998 wurde der E9 ganzjährig gefahren. Ob das so schlau war? :O</p>



<p>1998 bekam ich einen Firmenwagen mit Tankkarte und der E9 wurde mir zu teuer, verkaufen wollte ich ihn nicht und in der Garage war Platz. Da stand er dann 5 Jahre bevor er beim ersten Versuch der Wiederinbetriebnahme durchgefallen ist.</p>

<p>In den Jahren 1991 &#8211; 1998 bin ich den Wagen regelmäßig als Zweitwagen gefahren, 1995 dann der erste kritische TÜV und die notwendigen Karosseriearbeiten an den Schwellern wurden mit meinem [&hellip;]</p>
